or of 1585080 and 37.
37
Calculate the greatest common divisor of 506 and 1186.
2
Calculate the highest common divisor of 2665 and 17425.
205
What is the highest common factor of 8224 and 412999?
257
Calculate the greatest common factor of 36 and 4339836.
36
What is the greatest common divisor of 755140 and 340?
340
Calculate the greatest common factor of 120 and 22830.
30
What is the highest common factor of 8787 and 12928?
101
Calculate the greatest common divisor of 699 and 325967.
233
What is the highest common factor of 7950 and 24870?
30
What is the greatest common divisor of 5 and 40345?
5
What is the greatest common factor of 22 and 35882?
22
What is the greatest common divisor of 20430 and 690?
30
Calculate the highest common divisor of 265307 and 87731.
1057
Calculate the greatest common factor of 2572 and 566483.
643
What is the greatest common factor of 2283090 and 30?
30
Calculate the highest common divisor of 160 and 129480.
40
What is the greatest common factor of 2368099 and 337?
337
Calculate the greatest common factor of 70 and 211960.
70
Calculate the greatest common factor of 92 and 3197.
23
What is the greatest common factor of 1 and 653?
1
What is the highest common factor of 105 and 78615?
15
Calculate the highest common factor of 126221 and 904.
113
Calculate the highest common divisor of 15939 and 34650.
693
What is the greatest common factor of 5416 and 2031?
677
What is the highest common factor of 378313 and 52?
13
Calculate the highest common factor of 254806 and 4.
2
Calculate the highest common divisor of 391374 and 9.
9
What is the highest common factor of 45485 and 55?
55
Calculate the greatest common divisor of 1236 and 49234.
206
Calculate the highest common divisor of 12727 and 5.
1
Calculate the highest common factor of 18 and 70511.
1
What is the greatest common divisor of 18 and 88983?
9
What is the highest common divisor of 9538604 and 86?
86
What is the highest common factor of 13892 and 6644?
604
What is the greatest common divisor of 677088 and 1152?
288
Calculate the greatest common divisor of 13 and 101660.
13
Calculate the greatest common factor of 4802 and 52.
2
What is the highest common factor of 3545 and 495591?
709
Calculate the highest common divisor of 1751 and 25568.
17
What is the greatest common factor of 33 and 8895?
3
Calculate the greatest common divisor of 50 and 185390.
10
What is the greatest common divisor of 303457 and 22?
11
What is the highest common divisor of 180 and 10380?
60
What is the highest common factor of 349201 and 76?
19
What is the greatest common divisor of 2169 and 12519?
9
What is the greatest common divisor of 38 and 1466?
2
What is the highest common factor of 3927 and 280?
7
What is the greatest common divisor of 142989 and 187?
11
Calculate the greatest common divisor of 1632 and 20502.
102
What is the greatest common divisor of 693 and 97251?
231
What is the highest common factor of 152 and 223592?
152
Calculate the greatest common divisor of 252 and 30852.
36
What is the highest common factor of 297 and 8382?
33
What is the greatest common divisor of 2024 and 14352?
184
Calculate the greatest common factor of 121 and 22341.
11
Calculate the highest common factor of 11998 and 280.
14
What is the highest common factor of 708 and 549762?
354
What is the highest common divisor of 1937 and 6656?
13
What is the greatest common factor of 1563 and 376162?
521
What is the greatest common divisor of 570583 and 91?
13
Calculate the highest common divisor of 76239 and 21867.
591
Calculate the greatest common divisor of 16797 and 1837.
11
Calculate the highest common factor of 48676 and 516.
172
What is the greatest common factor of 15 and 1987425?
15
What is the highest common factor of 56 and 889832?
8
Calculate the highest common divisor of 7854 and 150414.
66
Calculate the highest common factor of 22 and 3902767.
11
What is the greatest common divisor of 172 and 85914?
86
Calculate the greatest common divisor of 22 and 1427833.
11
Calculate the highest common factor of 108 and 239868.
108
Calculate the highest common divisor of 361595 and 520.
65
Calculate the highest common factor of 621 and 269307.
207
What is the highest common factor of 16 and 957712?
16
What is the greatest common factor of 513 and 69066?
27
Calculate the highest common factor of 36 and 2962197.
9
What is the greatest common divisor of 75 and 36175?
25
Calculate the greatest common factor of 19866 and 5289.
129
What is the highest common factor of 38 and 1708?
2
What is the highest common divisor of 33726 and 220?
22
Calculate the greatest common factor of 372 and 834303.
93
Calculate the greatest common divisor of 13 and 36153.
13
Calculate the greatest common factor of 83476 and 328.
164
Calculate the greatest common divisor of 6727 and 985025.
961
Calculate the highest common factor of 1493 and 7.
1
What is the highest common divisor of 2907 and 218367?
171
Calculate the highest common divisor of 6591 and 161382.
39
Calculate the greatest common factor of 1269 and 17907.
141
Calculate the highest common divisor of 426 and 156626.
142
What is the highest common divisor of 112277 and 59?
59
What is the highest common divisor of 1651 and 9382633?
1651
What is the greatest common divisor of 117 and 143?
13
What is the highest common factor of 176 and 119120?
16
Calculate the greatest common divisor of 588 and 214326.
294
Calculate the highest common divisor of 8 and 31972.
4
What is the greatest common divisor of 50839 and 3?
1
What is the highest common divisor of 62208 and 31590?
486
Calculate the highest common factor of 10 and 2165.
5
Calculate the highest common divisor of 676022 and 2696.
674
What is the highest common divisor of 77 and 902?
11
What is the highest common divisor of 7987483 and 623?
623
What is the highest common factor of 345973 and 277?
277
Calculate the greatest common divisor of 33 and 35211.
33
Calculate the highest common factor of 884646 and 1530.
306
What is the greatest common divisor of 192794 and 987?
329
What is the greatest common factor of 32675 and 125?
25
Calculate the highest common factor of 799812 and 1404.
468
Calculate the greatest common factor of 575 and 19343.
23
Calculate the highest common divisor of 27208 and 107400.
1432
What is the greatest common factor of 3 and 308283?
3
Calculate the greatest common factor of 26432 and 704.
64
What is the highest common divisor of 72 and 349389?
9
Calculate the greatest common divisor of 98 and 916202.
98
What is the greatest common divisor of 94 and 38681?
47
What is the highest common factor of 57804 and 24?
12
Calculate the highest common divisor of 904 and 1656.
8
Calculate the greatest common divisor of 42657 and 38319.
723
Calculate the greatest common factor of 5024 and 17312.
32
What is the highest common divisor of 42845 and 5?
5
What is the greatest common factor of 278140 and 500?
20
Calculate the greatest common divisor of 19020 and 108.
12
What is the highest common divisor of 124845 and 2378?
1189
Calculate the highest common factor of 4774160 and 96.
16
What is the greatest common divisor of 1767 and 4619?
31
What is the greatest common divisor of 1378 and 7102?
106
Calculate the highest common divisor of 24573 and 3.
3
What is the greatest common divisor of 355 and 13419?
71
Calculate the highest common factor of 204 and 2692.
4
Calculate the greatest common factor of 257057 and 17.
17
Calculate the greatest common factor of 54 and 14742.
54
Calculate the greatest common divisor of 13148 and 37468.
76
What is the greatest common divisor of 13559 and 1911?
91
Calculate the highest common divisor of 210 and 7287.
21
Calculate the highest common divisor of 43378 and 4922.
46
What is the greatest common factor of 875 and 20625?
125
What is the highest common factor of 360 and 21790?
10
Calculate the greatest common factor of 720 and 594180.
180
What is the greatest common divisor of 50188 and 4?
4
Calculate the greatest common factor of 6724 and 1017005.
1681
Calculate the greatest common factor of 11016 and 78.
6
Calculate the highest common factor of 60288 and 27318.
942
Calculate the greatest common factor of 79544 and 488.
488
Calculate the greatest common factor of 178553 and 7661.
47
Ca